tors of 86515273?
13, 691, 9631
What are the prime factors of 311356658?
2, 23, 149, 45427
What are the prime factors of 116712026?
2, 58356013
What are the prime factors of 533630114?
2, 233, 1145129
What are the prime factors of 2264314998?
2, 3, 11, 61, 173, 3251
What are the prime factors of 3360778632?
2, 3, 46677481
List the prime factors of 31827187.
7, 347, 13103
What are the prime factors of 1790573453?
809, 2213317
What are the prime factors of 8127242276?
2, 2031810569
What are the prime factors of 50344382?
2, 11, 53, 43177
List the prime factors of 700504209.
3, 181, 487, 883
List the prime factors of 60635638.
2, 7, 41, 15091
What are the prime factors of 124637840?
2, 5, 1557973
What are the prime factors of 2330252920?
2, 5, 58256323
List the prime factors of 2790397166.
2, 109, 12799987
What are the prime factors of 506955126?
2, 3, 1229, 68749
List the prime factors of 63749511.
3, 7, 29, 3877
List the prime factors of 1598105414.
2, 317, 2520671
What are the prime factors of 1940202906?
2, 3, 53, 73, 83579
What are the prime factors of 23380448?
2, 7, 13, 31, 37
List the prime factors of 4145857226.
2, 7, 23, 29, 113, 3929
What are the prime factors of 208115252?
2, 29, 557, 3221
What are the prime factors of 5816720346?
2, 3, 37, 26201443
List the prime factors of 2536465748.
2, 634116437
What are the prime factors of 2641342488?
2, 3, 110055937
List the prime factors of 166178116.
2, 13, 983, 3251
What are the prime factors of 159498253?
53, 3009401
What are the prime factors of 29985150?
2, 3, 5, 13, 15377
List the prime factors of 2031407089.
439, 1567, 2953
What are the prime factors of 4703008780?
2, 5, 587, 400597
List the prime factors of 29631690.
2, 3, 5, 11, 907
What are the prime factors of 454014149?
15241, 29789
What are the prime factors of 1026206700?
2, 3, 5, 17, 311, 647
What are the prime factors of 30011250?
2, 3, 5, 53, 151
List the prime factors of 418193004.
2, 3, 1201, 29017
What are the prime factors of 548637917?
97, 409, 13829
List the prime factors of 3351001457.
3351001457
List the prime factors of 516561202.
2, 258280601
What are the prime factors of 742852580?
2, 5, 37142629
List the prime factors of 328350539.
11, 29850049
What are the prime factors of 204094126?
2, 102047063
What are the prime factors of 3434997552?
2, 3, 7, 43, 237749
List the prime factors of 1306318112.
2, 11, 3711131
What are the prime factors of 442496692?
2, 11, 10056743
List the prime factors of 75403910.
2, 5, 7540391
List the prime factors of 63360592.
2, 19, 29, 7187
List the prime factors of 86559843.
3, 31, 109, 8539
What are the prime factors of 49556256?
2, 3, 19, 101, 269
What are the prime factors of 3505634521?
29, 41, 2948389
What are the prime factors of 104295944?
2, 53, 245981
What are the prime factors of 1249611110?
2, 5, 11, 593, 19157
What are the prime factors of 52651439?
23, 2289193
What are the prime factors of 890139886?
2, 5107, 87149
List the prime factors of 229370040.
2, 3, 5, 637139
What are the prime factors of 32570943?
3, 83, 130807
What are the prime factors of 388585810?
2, 5, 38858581
What are the prime factors of 609815864?
2, 7, 167, 197, 331
What are the prime factors of 28666235?
5, 13, 191, 2309
What are the prime factors of 565451165?
5, 113090233
What are the prime factors of 831876164?
2, 7, 17, 19, 59, 1559
What are the prime factors of 184343162?
2, 92171581
What are the prime factors of 60764113?
61, 311, 3203
List the prime factors of 516820330.
2, 5, 13, 19, 89, 2351
What are the prime factors of 1981678902?
2, 3, 7, 59, 827, 967
List the prime factors of 309599413.
5407, 57259
What are the prime factors of 5029082099?
41, 122660539
List the prime factors of 676953475.
5, 11, 2461649
List the prime factors of 3323433170.
2, 5, 389, 854353
List the prime factors of 36219016.
2, 19, 239, 997
What are the prime factors of 1794952354?
2, 13, 43, 137, 11719
List the prime factors of 5842659897.
3, 216394811
What are the prime factors of 142054905?
3, 5, 29, 326563
List the prime factors of 897893851.
12473, 71987
List the prime factors of 431714578.
2, 367, 588167
List the prime factors of 5213383.
7, 863
What are the prime factors of 102282489?
3, 17, 668513
List the prime factors of 24495923.
29, 71, 11897
What are the prime factors of 89508723?
3, 17, 59, 151, 197
List the prime factors of 12224697.
3, 79, 51581
What are the prime factors of 228501025?
5, 653, 13997
What are the prime factors of 1281121159?
31, 47, 879287
What are the prime factors of 5659183632?
2, 3, 117899659
List the prime factors of 123219634.
2, 61, 1009997
What are the prime factors of 18998450?
2, 5, 61, 6229
List the prime factors of 2501950333.
17, 147173549
List the prime factors of 285683115.
3, 5, 23, 828067
What are the prime factors of 243195808?
2, 383, 19843
List the prime factors of 447569128.
2, 79, 708179
What are the prime factors of 128341715?
5, 37, 693739
What are the prime factors of 51584909?
51584909
What are the prime factors of 23166331?
29, 31, 73, 353
List the prime factors of 211918306.
2, 105959153
List the prime factors of 73446808.
2, 3023, 3037
List the prime factors of 4435023056.
2, 37, 61, 191, 643
What are the prime factors of 2408817124?
2, 7, 79, 1088977
What are the prime factors of 3421199947?
11, 1847, 168391
List the prime factors of 1066092155.
5, 1033, 206407
What are the prime factors of 746113565?
5, 19, 1693, 4639
List the prime factors of 150504431.
7, 11, 293, 953
List the prime factors of 135993155.
5, 27198631
What are the prime factors of 53355641?
941, 56701
What are the prime factors of 685275839?
47, 14580337
What are the prime factors of 836105540?
2, 5, 167, 173, 1447
What are the prime factors of 3123182257?
13, 41, 5859629
List the prime factors of 1793466120.
2, 3, 5, 14945551
List the prime factors of 1980600774.
2, 3, 19, 47, 313, 1181
List the prime factors of 181769787.
3, 751, 26893
What are the prime factors of 2733124681?
7, 390446383
List the prime factors of 384777980.
2, 5, 251, 76649
List the prime factors of 1245321293.
83, 15003871
What are the prime factors of 9416773163?
7, 197, 2341, 2917
What are the prime factors of 49364099?
71, 695269
What are the prime factors of 3914508601?
31, 6203, 20357
List the prime factors of 980206160.
2, 5, 503, 24359
What are the prime factors of 15578058?
2, 3, 31, 61, 1373
What are the prime factors of 25039341?
3, 23, 61, 661
What are the prime factors of 943783796?
2, 235945949
What are the prime factors of 3145509598?
2, 7, 11, 43, 59, 83, 97
What are the prime factors of 153985496?
2, 7, 593, 4637
List the prime factors of 3999817350.
2, 3, 5, 809, 10987
List the prime factors of 75436594.
2, 73, 516689
List the prime factors of 301823079.
3, 1723, 58391
What are the prime factors of 2219200092?
2, 3, 331, 20693
What are the prime factors of 86558004?
2, 3, 13, 61651
List the prime factors of 159180821.
10069, 15809
What are the prime factors of 1308683453?
7, 11, 277, 61357
What are the prime factors of 3648883727?
17443, 209189
List the prime factors of 3218601229.
41, 78502469
List the prime factors of 268679042.
2, 134339521
List the prime factors of 1119927666.
2, 3, 11, 13, 17, 76781
List the prime factors of 4549715.
5, 31, 149, 197
List the prime factors of 1778859225.
3, 5, 11, 13, 6143
List the prime factors of 658511701.
41, 16061261
What are the prime factors of 241862224?
2, 139, 108751
List the prime factors of 740927820.
2, 3, 5, 12348797
What are the prime factors of 3178870916?
2, 13, 269, 227257
List the prime factors of 3577601068.
2, 107, 8358881
What are the prime factors of 77409718?
2, 43, 181, 4973
List the prime factors of 138344984.
2, 17293123
What are the prime factors of 864166094?
2, 11, 19, 2067383
List the prime factors of 3577803223.
25097, 142559
What are the prime factors of 376212842?
2, 283, 664687
What are the prime factors of 2021803118?
2, 20407, 49537
List the prime factors of 51824451.
3, 7, 23, 41, 2617
What are the prime factors of 6194462153?
11, 67, 8404969
List the prime factors of 45612333.
3, 13, 389849
What are the prime factors of 76095146?
2, 38047573
List the prime factors of 173254507.
107, 251, 6451
What are the prime factors of 4777